ghest common factor of 6 and p?
6
Let r = 29 + 6. Calculate the greatest common factor of 14 and r.
7
Let g = 8 - 6. Suppose 2*s + g*x = 4*x + 158, 5*s = x + 399. Let h be s/6*9/6. Calculate the highest common divisor of h and 4.
4
Let s be (-1)/(-2)*(0 - -10). Let z = -2 + s. Suppose -z - 7 = -i. Calculate the highest common divisor of 50 and i.
10
Let r = -33 + 60. What is the greatest common factor of r and 3?
3
Let i(k) = -6*k**2 + 4*k - 2. Let z be i(2). Let r = 30 + z. Calculate the greatest common divisor of 96 and r.
12
Let j = 0 - 0. Suppose 4*c = -j*c. Suppose c*r - 4*r = -20. Calculate the greatest common factor of 55 and r.
5
Let n be (-2 - -3)/(4 + -3). Let z = 2 - n. What is the greatest common divisor of z and 9?
1
Let h be (6/(-4))/(2/(-24)). Let y = 44 + -43. Let a = y + h. Calculate the greatest common factor of 190 and a.
19
Let i(d) = -d**3 - 11*d**2 - 9*d - 9. Let b be i(-11). Let t = 126 - b. What is the greatest common divisor of 18 and t?
18
Let d be 5 + 1 - 5/5. Suppose -3*y = 5*k - 492, 0*k = 3*k + d*y - 308. What is the greatest common divisor of 12 and k?
12
Suppose 3*q - 357 = 21. Suppose 4 - 2 = -p. Let t = p + 16. What is the greatest common divisor of t and q?
14
Let g = 5 - -7. Calculate the greatest common divisor of 48 and g.
12
Suppose -2*t - 10 = -4*t. Suppose -4*n + t*m = -5*n + 20, 0 = 2*n + 3*m - 19. Suppose 33 = 2*z - 77. What is the highest common divisor of n and z?
5
Let u(r) = r**3 - 9*r**2 - 10*r. Let y be u(10). Suppose 2*l + y*l = 10. Suppose k = 13 + 12. What is the highest common divisor of k and l?
5
Suppose -3*v = -37 - 533. What is the greatest common divisor of v and 19?
19
Let y = 156 + -61. Suppose 304 = -f + 17*f. What is the greatest common factor of f and y?
19
Suppose -o - 98 = o. Let y = o - -99. Calculate the highest common divisor of y and 20.
10
Let o be 12/(-3*(-3)/6). Calculate the greatest common factor of o and 20.
4
Let v be (-4 + 33/(-2))*-22. What is the highest common factor of 41 and v?
41
Let d be (-1 + 4)*-1 + 3. Let n = 0 - -4. Suppose -2*y - 3*l + 2 = 0, -y + n*l + 7 + 5 = d. Calculate the highest common divisor of y and 16.
4
Let n be 187 + -4*3/(-6). Calculate the highest common divisor of n and 27.
27
Suppose -5*z + 3*t = -110, -2*z + 5*t = -0*z - 25. What is the greatest common factor of 50 and z?
25
Let j be 9/(-6)*(18 - -2). Let u be (-2)/5 - (-738)/j. Let r = u - -35. What is the highest common divisor of 40 and r?
10
Let o = -37 - -237. What is the highest common factor of 20 and o?
20
Let q be 5 + 0 + -8 + 8. Let s be (-6 + q)/(2/(-26)). Calculate the highest common divisor of s and 13.
13
Let q = -29 + 40. What is the highest common divisor of 110 and q?
11
Let x(k) = -5*k - 4. Let j be x(-8). Let q be 224/j + 2/(-9). Calculate the highest common divisor of 30 and q.
6
Suppose -5*h = -3*h + 5*o + 11, 0 = -5*h + 5*o + 60. What is the highest common factor of h and 1?
1
Let c = -226 + 325. Calculate the greatest common factor of c and 11.
11
Suppose -6 = 12*r - 15*r. Suppose 5*a = 3*s + 11 - 39, 0 = -2*s + 3*a + 17. Let b be (-6)/(-2) - (s - 0). Calculate the greatest common factor of r and b.
2
Let m(t) = t**3 - 21*t**2 + t - 9. Let c be m(21). Calculate the highest common factor of c and 48.
12
Let k = -55 + 39. Let m be (k/(-6))/((-8)/(-12)). Calculate the highest common divisor of m and 8.
4
Suppose -11 = -5*h + 184. Calculate the highest common divisor of 26 and h.
13
Let w(j) be the third derivative of j**5/60 + j**4/12 - j**3/3 + 3*j**2. Let s be w(3). What is the highest common divisor of 26 and s?
13
Let v(c) = c**3 - 9*c**2 - 21*c + 5. Let q be v(11). What is the highest common divisor of 176 and q?
16
Suppose 2*y + 0 = 3*n - 64, 4*n + 5*y - 47 = 0. Suppose 2*p = n + 6. What is the greatest common factor of p and 36?
12
Let z(w) = 12*w + 3. Let g be z(-2). Let s = g + 61. Let r = 26 + -10. Calculate the highest common divisor of s and r.
8
Suppose -540 = 2*v - 5*v. Calculate the highest common divisor of 20 and v.
20
Suppose 12 = 5*l - 3*l. Suppose n - l*n = -3*c - 70, 100 = -5*c + 5*n. Let u = c + 105. What is the highest common factor of u and 10?
10
Let w be (14/(-4))/(6/(-60)). Suppose 2*p - w = -3*p. Calculate the highest common factor of p and 56.
7
Let l(u) = -11*u**3 + u**2 + 2*u + 1. Let d be l(-1). Suppose 4*n - 28 = -4*v, 0 = 3*n + 4 + 8. What is the highest common divisor of v and d?
11
Let j be ((-7)/5)/(1/(-5)). Suppose 0*y + n = -3*y + 461, -5*y - 4*n = -766. Suppose 5*t - y = 3*t. Calculate the greatest common divisor of t and j.
7
Let x(o) = -o**2 - 5*o. Let g be x(-4). Calculate the highest common divisor of 44 and g.
4
Suppose -3*h + 237 = -3*u - 150, 0 = 5*h - 2*u - 642. What is the greatest common divisor of 8 and h?
8
Suppose 3*m - 192 = 4*u, -17 = m - u - 81. Let n be (-1)/(-2*2/m). Calculate the greatest common divisor of 24 and n.
8
Let z = 17 + -3. Suppose 2*d + 2*h = 24, 3*d - 4*d + z = 2*h. What is the highest common factor of 20 and d?
10
Let j(w) = -4*w - 3. Let s be j(-2). Let p(r) = 2*r - 7. Let u be p(6). Suppose -a + u = -10. What is the highest common factor of a and s?
5
Let l be 9*2*21/42. Calculate the greatest common factor of 63 and l.
9
Let q(o) = 4*o - 3. Let n be q(-4). Let g = n + 30. Calculate the highest common divisor of 22 and g.
11
Suppose x = -4*z - 0 + 18, -2*x = z - 15. Suppose x - 15 = -i. Let d = i + -3. What is the highest common factor of 6 and d?
6
Let h = 275 + -177. Suppose -f + 13 = -r, -2*f - r + 4*r = -25. Calculate the highest common divisor of f and h.
14
Let i = 11 + -10. Let a = i + 0. Suppose -4*b + 13 = a. What is the greatest common divisor of 1 and b?
1
Let l = 175 - 125. What is the greatest common divisor of l and 10?
10
Suppose -100 = -10*v - 0*v. Calculate the greatest common factor of v and 4.
2
Let l(y) = -59*y - 7. Let x be l(-5). Calculate the highest common divisor of 9 and x.
9
Let g = -127 - -223. Let h = -6 - g. Let p be 1 + (0 - -1 - h). Calculate the greatest common factor of p and 13.
13
Let b(l) = l**2 + 2*l - 2. Let u be b(2). Calculate the greatest common divisor of u and 9.
3
Let x = 43 + -42. What is the greatest common divisor of x and 4?
1
Let b(r) = r**2 + 11*r - 30. Let a be b(-15). What is the highest common factor of 6 and a?
6
Let c = -193 - -343. Let b = c - 62. Calculate the highest common factor of b and 11.
11
Let i be ((-8)/3)/(10/(-30)). What is the greatest common factor of i and 80?
8
Let n = 28 - 6. Suppose 0 = 2*z - 8, -2*q + z - 334 = -5*q. What is the greatest common factor of q and n?
22
Let d = 14 + -2. Let j(l) = 7*l - 5. Let v be (-2 - (-10)/4)*10. Let f be j(v). What is the greatest common divisor of d and f?
6
Let s be 1/5 - 356/(-20). Calculate the greatest common divisor of 18 and s.
18
Let w(d) = -d**2 + 7*d - 1. Let m be w(6). What is the highest common divisor of 10 and m?
5
Suppose l - 199 = -k, 87 + 114 = k + 3*l. Suppose -4*d + 3*c = -d - 63, -3*d + 69 = -5*c. Let n = d + 0. Calculate the highest common divisor of n and k.
18
Suppose -5*n + 33 = -w, 3*n - 3*w - 4 = 11. Calculate the highest common divisor of n and 63.
7
Suppose 6*i - 26 = 34. What is the greatest common factor of 30 and i?
10
Suppose -5*b + 90 = -2*l, -4*b = -2*b - 3*l - 47. Let h(i) = i**2 - 9*i. Let o be h(b). What is the greatest common divisor of o and 14?
14
Let g = 17 - 12. Suppose 7*z = g*z + 108. Suppose 15 = -4*d + 39. What is the greatest common factor of d and z?
6
Suppose 0 = -k + 6*k - 105. Suppose -2*o - 50 = -4*s, -3*s + 5*s + 3*o - k = 0. What is the highest common factor of 108 and s?
12
Suppose -4*m + 2*w = 6*w - 36, -2*m + 18 = 4*w. Suppose 5*a = -5*u + 90, -a - 5*u - 40 = -6*a. Let p = -4 + a. What is the greatest common factor of p and m?
9
Let u(m) = 106*m**3 - 2*m**2 + 1. Let w be u(1). Suppose 4*c - 11 = -h - 0*c, -3 = 3*c. Calculate the greatest common factor of h and w.
15
Suppose 9*l - 988 = -4*l. Calculate the highest common divisor of 19 and l.
19
Let v(u) = 13*u**3 - u**2 - 2. Let k be v(2). Let z(d) = -d**3 - 5*d**2 - 2*d + 4. Let b be z(-5). Calculate the greatest common divisor of k and b.
14
Let f(m) = -16*m - 16. Let u be f(-12). Suppose -k - b - 33 = -3*k, 3*b + 19 = k. What is the highest common divisor of k and u?
16
Let